{"id":216,"date":"2022-04-12T08:18:32","date_gmt":"2022-04-12T06:18:32","guid":{"rendered":"https:\/\/www.anwaltspromot.de\/legal-tech\/?page_id=216"},"modified":"2022-04-12T08:18:32","modified_gmt":"2022-04-12T06:18:32","slug":"impressum","status":"publish","type":"page","link":"https:\/\/www.anwaltspromot.de\/legal-tech-tipps\/impressum\/","title":{"rendered":"Impressum"},"content":{"rendered":"\r\n<h4 class=\"wp-block-heading\">\u00a0<\/h4>\r\n\r\n\r\n<p><strong>Anbieter<br \/>\r\n<br \/>\r\n<\/strong><\/p>\r\n\r\n\r\n<p>von <br \/>\r\n<br \/>\r\n<span style=\"font-family: verdana, geneva, sans-serif;\"><strong><span style=\"color: #eb3434;\">an<\/span>walts<span style=\"color: #eb3434;\">promot<\/span> <\/strong>| <em><span style=\"font-family: open sans;\">Anwaltsstrategie LEGAL TECH<\/span><\/em> <br \/>\r\n<br \/>\r\nist die<br \/>\r\n<br \/>\r\n<\/span><strong>anwaltsgebot.de UG (haftungsbeschr\u00e4nkt)<\/strong><\/p>\r\n\r\n\r\n\r\n<p>Gesch\u00e4ftsf\u00fchrer: Dirk Andresen<\/p>\r\n\r\n\r\n<p>Torstra\u00dfe 97<br \/>\r\n10119 Berlin<\/p>\r\n\r\n\r\n<p><strong>E-Mail <\/strong><a href=\"mailto:info@anwaltsgebot.de\"><strong>info(at)anwaltsgebot.de<\/strong><\/a><\/p>\r\n\r\n\r\n<p><strong>Tel.<\/strong> 030 \u2013 120 824 90<\/p>\r\n\r\n\r\n<p><strong>Eingetragen im<\/strong><br \/>\r\nHandelsregister des Amtsgerichts Berlin-Charlottenburg<br \/>\r\nHRB 188479 B<br \/>\r\n<br \/>\r\n<\/p>\r\n\r\n\r\n<p><strong>Umsatzsteuer-Identifikationsnummer:\u00a0 DE313024428<br \/>\r\n<\/strong><\/p>\r\n\r\n\r\n<p><strong><br \/>\r\nPlattform der EU-Kommission zur Online-Streitbeilegung:<\/strong><a href=\"http:\/\/www.ec.europa.eu\/consumers\/odr\" target=\"_blank\" rel=\"noreferrer noopener\"><strong> www.ec.europa.eu\/consumers\/odr<\/strong><\/a><\/p>\r\n\r\n\r\n<p>Wir nehmen nicht teil an einem Streitbeilegungsverfahren vor einer Verbraucherschlichtungsstelle. <br \/>\r\n<br \/>\r\n<\/p>\r\n\r\n\r\n<p><strong>Urheberrechte und geistiges Eigentum<\/strong><\/p>\r\n\r\n\r\n<p>Die auf dieser Website verwendeten Texte, Datenbank-Eintr\u00e4ge (einschlie\u00dflich der Datenbank als solcher), Grafiken, Fotos, Marken und Kennzeichen unterliegen dem Urheberrecht oder anderen Regeln zum Schutz des geistigen Eigentums.<\/p>\r\n\r\n\r\n<p><strong><br \/>\r\nDisclaimer<\/strong><\/p>\r\n\r\n\r\n<p>Trotz sorgf\u00e4ltiger inhaltlicher Kontrolle wird keine Haftung f\u00fcr die Inhalte externer\u00a0Websites, auf die diese Website direkt oder indirekt verweist, \u00fcbernommen.\u00a0F\u00fcr den Inhalt der verlinkten Seiten sind ausschlie\u00dflich deren Betreiber verantwortlich.<br \/>\r\n<br \/>\r\nAlle Angaben ohne Gew\u00e4hr. Ma\u00dfgeblich ist die aktuelle Sach- und Rechtslage.<\/p>\r\n\r\n<p><strong><br \/>\r\nBezeichnungen<\/strong> <br \/>\r\n<br \/>\r\nZwecks besserer Lesbarkeit wird auf eine durchg\u00e4ngige geschlechtsspezifische Differenzierung, wie z.B. \u201cRechtsanw\u00e4ltin\u201d, verzichtet. Bezeichnungen wie \u201cRechtsanwalt\u201d oder \u201cAnwalt\u201d gelten gegebenenfalls gleicherma\u00dfen f\u00fcr alle Geschlechter.<\/p>\r\n\r\n<p><br \/>\r\n<strong>Copyright<br \/>\r\n<br \/>\r\n<\/strong><strong>\u00a9 <\/strong>anwaltsgebot.de UG (haftungsbeschr\u00e4nkt)<\/p>\r\n<p>Alle Rechte vorbehalten. Vervielf\u00e4ltigung, Verbreitung oder \u00f6ffentliche Zug\u00e4nglichmachung nur mit vorheriger Zustimmung der anwaltsgebot.de UG (haftungsbeschr\u00e4nkt).<\/p>\r\n<p><strong><br \/>\r\nCMS:<\/strong> WordPress<\/p>\r\n\r\n<p>&nbsp;<\/p>\r\n\r\n<p><strong>\r\n<a href=\"index.html\"\r\n   onClick=\"Javascript:history.back();return(false);\">Zur\u00fcck<\/a>\r\n<\/strong><\/p>","protected":false},"excerpt":{"rendered":"<p>\u00a0 Anbieter von anwaltspromot | Anwaltsstrategie LEGAL TECH ist die anwaltsgebot.de UG (haftungsbeschr\u00e4nkt) Gesch\u00e4ftsf\u00fchrer: Dirk Andresen Torstra\u00dfe 97 10119 Berlin E-Mail info(at)anwaltsgebot.de Tel. 030 \u2013 120 824 90 Eingetragen im Handelsregister des Amtsgerichts Berlin-Charlottenburg HRB 188479 B Umsatzsteuer-Identifikationsnummer:\u00a0 DE313024428 Plattform der EU-Kommission zur Online-Streitbeilegung: www.ec.europa.eu\/consumers\/odr Wir nehmen nicht teil an einem Streitbeilegungsverfahren vor einer Verbraucherschlichtungsstelle. Urheberrechte und geistiges Eigentum Die auf dieser Website verwendeten Texte, Datenbank-Eintr\u00e4ge (einschlie\u00dflich der Datenbank als solcher), Grafiken, Fotos, Marken und Kennzeichen unterliegen dem Urheberrecht oder anderen Regeln zum Schutz des geistigen Eigentums. Disclaimer Trotz sorgf\u00e4ltiger inhaltlicher Kontrolle wird keine Haftung f\u00fcr die Inhalte externer\u00a0Websites, auf die diese Website direkt oder indirekt verweist, \u00fcbernommen.\u00a0F\u00fcr den Inhalt der verlinkten Seiten sind ausschlie\u00dflich deren Betreiber verantwortlich. Alle Angaben ohne Gew\u00e4hr. Ma\u00dfgeblich ist die aktuelle Sach- und Rechtslage. Bezeichnungen Zwecks besserer Lesbarkeit wird auf eine durchg\u00e4ngige geschlechtsspezifische Differenzierung, wie z.B. \u201cRechtsanw\u00e4ltin\u201d, verzichtet. Bezeichnungen wie \u201cRechtsanwalt\u201d oder \u201cAnwalt\u201d gelten gegebenenfalls gleicherma\u00dfen f\u00fcr alle Geschlechter. Copyright \u00a9 anwaltsgebot.de UG (haftungsbeschr\u00e4nkt) Alle Rechte vorbehalten. Vervielf\u00e4ltigung, Verbreitung oder \u00f6ffentliche Zug\u00e4nglichmachung nur mit vorheriger Zustimmung der anwaltsgebot.de UG (haftungsbeschr\u00e4nkt). CMS: WordPress &nbsp; Zur\u00fcck<\/p>\n","protected":false},"author":1,"featured_media":0,"parent":0,"menu_order":0,"comment_status":"closed","ping_status":"closed","template":"","meta":{"footnotes":""},"class_list":["post-216","page","type-page","status-publish","hentry"],"yoast_head":"<!-- This site is optimized with the Yoast SEO plugin v24.8.1 - https:\/\/yoast.com\/wordpress\/plugins\/seo\/ -->\n<title>Impressum - Legal-Tech-Tipps<\/title>\n<meta name=\"robots\" content=\"index, follow, max-snippet:-1, max-image-preview:large, max-video-preview:-1\" \/>\n<link rel=\"canonical\" href=\"https:\/\/www.anwaltspromot.de\/legal-tech-tipps\/impressum\/\" \/>\n<meta property=\"og:locale\" content=\"de_DE\" \/>\n<meta property=\"og:type\" content=\"article\" \/>\n<meta property=\"og:title\" content=\"Impressum - Legal-Tech-Tipps\" \/>\n<meta property=\"og:description\" content=\"\u00a0 Anbieter von anwaltspromot | Anwaltsstrategie LEGAL TECH ist die anwaltsgebot.de UG (haftungsbeschr\u00e4nkt) Gesch\u00e4ftsf\u00fchrer: Dirk Andresen Torstra\u00dfe 97 10119 Berlin E-Mail info(at)anwaltsgebot.de Tel. 030 \u2013 120 824 90 Eingetragen im Handelsregister des Amtsgerichts Berlin-Charlottenburg HRB 188479 B Umsatzsteuer-Identifikationsnummer:\u00a0 DE313024428 Plattform der EU-Kommission zur Online-Streitbeilegung: www.ec.europa.eu\/consumers\/odr Wir nehmen nicht teil an einem Streitbeilegungsverfahren vor einer Verbraucherschlichtungsstelle. Urheberrechte und geistiges Eigentum Die auf dieser Website verwendeten Texte, Datenbank-Eintr\u00e4ge (einschlie\u00dflich der Datenbank als solcher), Grafiken, Fotos, Marken und Kennzeichen unterliegen dem Urheberrecht oder anderen Regeln zum Schutz des geistigen Eigentums. Disclaimer Trotz sorgf\u00e4ltiger inhaltlicher Kontrolle wird keine Haftung f\u00fcr die Inhalte externer\u00a0Websites, auf die diese Website direkt oder indirekt verweist, \u00fcbernommen.\u00a0F\u00fcr den Inhalt der verlinkten Seiten sind ausschlie\u00dflich deren Betreiber verantwortlich. Alle Angaben ohne Gew\u00e4hr. Ma\u00dfgeblich ist die aktuelle Sach- und Rechtslage. Bezeichnungen Zwecks besserer Lesbarkeit wird auf eine durchg\u00e4ngige geschlechtsspezifische Differenzierung, wie z.B. \u201cRechtsanw\u00e4ltin\u201d, verzichtet. Bezeichnungen wie \u201cRechtsanwalt\u201d oder \u201cAnwalt\u201d gelten gegebenenfalls gleicherma\u00dfen f\u00fcr alle Geschlechter. Copyright \u00a9 anwaltsgebot.de UG (haftungsbeschr\u00e4nkt) Alle Rechte vorbehalten. Vervielf\u00e4ltigung, Verbreitung oder \u00f6ffentliche Zug\u00e4nglichmachung nur mit vorheriger Zustimmung der anwaltsgebot.de UG (haftungsbeschr\u00e4nkt). CMS: WordPress &nbsp; Zur\u00fcck\" \/>\n<meta property=\"og:url\" content=\"https:\/\/www.anwaltspromot.de\/legal-tech-tipps\/impressum\/\" \/>\n<meta property=\"og:site_name\" content=\"Legal-Tech-Tipps\" \/>\n<meta name=\"twitter:card\" content=\"summary_large_image\" \/>\n<meta name=\"twitter:label1\" content=\"Gesch\u00e4tzte Lesezeit\" \/>\n\t<meta name=\"twitter:data1\" content=\"1\u00a0Minute\" \/>\n<script type=\"application\/ld+json\" class=\"yoast-schema-graph\">{\"@context\":\"https:\/\/schema.org\",\"@graph\":[{\"@type\":\"WebPage\",\"@id\":\"https:\/\/www.anwaltspromot.de\/legal-tech-tipps\/impressum\/\",\"url\":\"https:\/\/www.anwaltspromot.de\/legal-tech-tipps\/impressum\/\",\"name\":\"Impressum - Legal-Tech-Tipps\",\"isPartOf\":{\"@id\":\"https:\/\/www.anwaltspromot.de\/legal-tech-tipps\/#website\"},\"datePublished\":\"2022-04-12T06:18:32+00:00\",\"breadcrumb\":{\"@id\":\"https:\/\/www.anwaltspromot.de\/legal-tech-tipps\/impressum\/#breadcrumb\"},\"inLanguage\":\"de\",\"potentialAction\":[{\"@type\":\"ReadAction\",\"target\":[\"https:\/\/www.anwaltspromot.de\/legal-tech-tipps\/impressum\/\"]}]},{\"@type\":\"BreadcrumbList\",\"@id\":\"https:\/\/www.anwaltspromot.de\/legal-tech-tipps\/impressum\/#breadcrumb\",\"itemListElement\":[{\"@type\":\"ListItem\",\"position\":1,\"name\":\"Startseite\",\"item\":\"https:\/\/www.anwaltspromot.de\/legal-tech-tipps\/\"},{\"@type\":\"ListItem\",\"position\":2,\"name\":\"Impressum\"}]},{\"@type\":\"WebSite\",\"@id\":\"https:\/\/www.anwaltspromot.de\/legal-tech-tipps\/#website\",\"url\":\"https:\/\/www.anwaltspromot.de\/legal-tech-tipps\/\",\"name\":\"Legal-Tech-Tipps\",\"description\":\"Anwaltsstrategie LEGAL TECH\",\"publisher\":{\"@id\":\"https:\/\/www.anwaltspromot.de\/legal-tech-tipps\/#organization\"},\"potentialAction\":[{\"@type\":\"SearchAction\",\"target\":{\"@type\":\"EntryPoint\",\"urlTemplate\":\"https:\/\/www.anwaltspromot.de\/legal-tech-tipps\/?s={search_term_string}\"},\"query-input\":{\"@type\":\"PropertyValueSpecification\",\"valueRequired\":true,\"valueName\":\"search_term_string\"}}],\"inLanguage\":\"de\"},{\"@type\":\"Organization\",\"@id\":\"https:\/\/www.anwaltspromot.de\/legal-tech-tipps\/#organization\",\"name\":\"Legal-Tech-Tipps\",\"url\":\"https:\/\/www.anwaltspromot.de\/legal-tech-tipps\/\",\"logo\":{\"@type\":\"ImageObject\",\"inLanguage\":\"de\",\"@id\":\"https:\/\/www.anwaltspromot.de\/legal-tech-tipps\/#\/schema\/logo\/image\/\",\"url\":\"https:\/\/www.anwaltspromot.de\/legal-tech-tipps\/wp-content\/uploads\/sites\/9\/anwaltspromot.gif\",\"contentUrl\":\"https:\/\/www.anwaltspromot.de\/legal-tech-tipps\/wp-content\/uploads\/sites\/9\/anwaltspromot.gif\",\"width\":300,\"height\":45,\"caption\":\"Legal-Tech-Tipps\"},\"image\":{\"@id\":\"https:\/\/www.anwaltspromot.de\/legal-tech-tipps\/#\/schema\/logo\/image\/\"}}]}<\/script>\n<!-- \/ Yoast SEO plugin. -->","yoast_head_json":{"title":"Impressum - Legal-Tech-Tipps","robots":{"index":"index","follow":"follow","max-snippet":"max-snippet:-1","max-image-preview":"max-image-preview:large","max-video-preview":"max-video-preview:-1"},"canonical":"https:\/\/www.anwaltspromot.de\/legal-tech-tipps\/impressum\/","og_locale":"de_DE","og_type":"article","og_title":"Impressum - Legal-Tech-Tipps","og_description":"\u00a0 Anbieter von anwaltspromot | Anwaltsstrategie LEGAL TECH ist die anwaltsgebot.de UG (haftungsbeschr\u00e4nkt) Gesch\u00e4ftsf\u00fchrer: Dirk Andresen Torstra\u00dfe 97 10119 Berlin E-Mail info(at)anwaltsgebot.de Tel. 030 \u2013 120 824 90 Eingetragen im Handelsregister des Amtsgerichts Berlin-Charlottenburg HRB 188479 B Umsatzsteuer-Identifikationsnummer:\u00a0 DE313024428 Plattform der EU-Kommission zur Online-Streitbeilegung: www.ec.europa.eu\/consumers\/odr Wir nehmen nicht teil an einem Streitbeilegungsverfahren vor einer Verbraucherschlichtungsstelle. Urheberrechte und geistiges Eigentum Die auf dieser Website verwendeten Texte, Datenbank-Eintr\u00e4ge (einschlie\u00dflich der Datenbank als solcher), Grafiken, Fotos, Marken und Kennzeichen unterliegen dem Urheberrecht oder anderen Regeln zum Schutz des geistigen Eigentums. Disclaimer Trotz sorgf\u00e4ltiger inhaltlicher Kontrolle wird keine Haftung f\u00fcr die Inhalte externer\u00a0Websites, auf die diese Website direkt oder indirekt verweist, \u00fcbernommen.\u00a0F\u00fcr den Inhalt der verlinkten Seiten sind ausschlie\u00dflich deren Betreiber verantwortlich. Alle Angaben ohne Gew\u00e4hr. Ma\u00dfgeblich ist die aktuelle Sach- und Rechtslage. Bezeichnungen Zwecks besserer Lesbarkeit wird auf eine durchg\u00e4ngige geschlechtsspezifische Differenzierung, wie z.B. \u201cRechtsanw\u00e4ltin\u201d, verzichtet. Bezeichnungen wie \u201cRechtsanwalt\u201d oder \u201cAnwalt\u201d gelten gegebenenfalls gleicherma\u00dfen f\u00fcr alle Geschlechter. Copyright \u00a9 anwaltsgebot.de UG (haftungsbeschr\u00e4nkt) Alle Rechte vorbehalten. Vervielf\u00e4ltigung, Verbreitung oder \u00f6ffentliche Zug\u00e4nglichmachung nur mit vorheriger Zustimmung der anwaltsgebot.de UG (haftungsbeschr\u00e4nkt). CMS: WordPress &nbsp; Zur\u00fcck","og_url":"https:\/\/www.anwaltspromot.de\/legal-tech-tipps\/impressum\/","og_site_name":"Legal-Tech-Tipps","twitter_card":"summary_large_image","twitter_misc":{"Gesch\u00e4tzte Lesezeit":"1\u00a0Minute"},"schema":{"@context":"https:\/\/schema.org","@graph":[{"@type":"WebPage","@id":"https:\/\/www.anwaltspromot.de\/legal-tech-tipps\/impressum\/","url":"https:\/\/www.anwaltspromot.de\/legal-tech-tipps\/impressum\/","name":"Impressum - Legal-Tech-Tipps","isPartOf":{"@id":"https:\/\/www.anwaltspromot.de\/legal-tech-tipps\/#website"},"datePublished":"2022-04-12T06:18:32+00:00","breadcrumb":{"@id":"https:\/\/www.anwaltspromot.de\/legal-tech-tipps\/impressum\/#breadcrumb"},"inLanguage":"de","potentialAction":[{"@type":"ReadAction","target":["https:\/\/www.anwaltspromot.de\/legal-tech-tipps\/impressum\/"]}]},{"@type":"BreadcrumbList","@id":"https:\/\/www.anwaltspromot.de\/legal-tech-tipps\/impressum\/#breadcrumb","itemListElement":[{"@type":"ListItem","position":1,"name":"Startseite","item":"https:\/\/www.anwaltspromot.de\/legal-tech-tipps\/"},{"@type":"ListItem","position":2,"name":"Impressum"}]},{"@type":"WebSite","@id":"https:\/\/www.anwaltspromot.de\/legal-tech-tipps\/#website","url":"https:\/\/www.anwaltspromot.de\/legal-tech-tipps\/","name":"Legal-Tech-Tipps","description":"Anwaltsstrategie LEGAL TECH","publisher":{"@id":"https:\/\/www.anwaltspromot.de\/legal-tech-tipps\/#organization"},"potentialAction":[{"@type":"SearchAction","target":{"@type":"EntryPoint","urlTemplate":"https:\/\/www.anwaltspromot.de\/legal-tech-tipps\/?s={search_term_string}"},"query-input":{"@type":"PropertyValueSpecification","valueRequired":true,"valueName":"search_term_string"}}],"inLanguage":"de"},{"@type":"Organization","@id":"https:\/\/www.anwaltspromot.de\/legal-tech-tipps\/#organization","name":"Legal-Tech-Tipps","url":"https:\/\/www.anwaltspromot.de\/legal-tech-tipps\/","logo":{"@type":"ImageObject","inLanguage":"de","@id":"https:\/\/www.anwaltspromot.de\/legal-tech-tipps\/#\/schema\/logo\/image\/","url":"https:\/\/www.anwaltspromot.de\/legal-tech-tipps\/wp-content\/uploads\/sites\/9\/anwaltspromot.gif","contentUrl":"https:\/\/www.anwaltspromot.de\/legal-tech-tipps\/wp-content\/uploads\/sites\/9\/anwaltspromot.gif","width":300,"height":45,"caption":"Legal-Tech-Tipps"},"image":{"@id":"https:\/\/www.anwaltspromot.de\/legal-tech-tipps\/#\/schema\/logo\/image\/"}}]}},"_links":{"self":[{"href":"https:\/\/www.anwaltspromot.de\/legal-tech-tipps\/wp-json\/wp\/v2\/pages\/216","targetHints":{"allow":["GET"]}}],"collection":[{"href":"https:\/\/www.anwaltspromot.de\/legal-tech-tipps\/wp-json\/wp\/v2\/pages"}],"about":[{"href":"https:\/\/www.anwaltspromot.de\/legal-tech-tipps\/wp-json\/wp\/v2\/types\/page"}],"author":[{"embeddable":true,"href":"https:\/\/www.anwaltspromot.de\/legal-tech-tipps\/wp-json\/wp\/v2\/users\/1"}],"replies":[{"embeddable":true,"href":"https:\/\/www.anwaltspromot.de\/legal-tech-tipps\/wp-json\/wp\/v2\/comments?post=216"}],"version-history":[{"count":1,"href":"https:\/\/www.anwaltspromot.de\/legal-tech-tipps\/wp-json\/wp\/v2\/pages\/216\/revisions"}],"predecessor-version":[{"id":217,"href":"https:\/\/www.anwaltspromot.de\/legal-tech-tipps\/wp-json\/wp\/v2\/pages\/216\/revisions\/217"}],"wp:attachment":[{"href":"https:\/\/www.anwaltspromot.de\/legal-tech-tipps\/wp-json\/wp\/v2\/media?parent=216"}],"curies":[{"name":"wp","href":"https:\/\/api.w.org\/{rel}","templated":true}]}}